4*b = m + m + 142, -2*b + 2*m = -n. What is the units digit of b?
6
Suppose 6*c - 1351 - 995 = 0. What is the tens digit of c?
9
Let j be -11 - (2 - (4 - -1)). What is the units digit of (-1015)/14*j/10?
8
Suppose -5*y + 2980 = -190. What is the tens digit of y?
3
Suppose -s = s - r - 4999, -2*s - r = -4997. What is the tens digit of s?
9
Let x be 8/(-8) - 9*1. Let w = x - -10. Suppose -5*q + w*q = -20. What is the units digit of q?
4
Let u = 10190 - 7159. What is the units digit of u?
1
Let z(f) = -5*f. Let l(m) = 2*m + 15. Let s be l(-10). Let h be z(s). Let g = h - 12. What is the units digit of g?
3
Let b(x) = -7*x**3 - 4*x**2 - 2*x. Let f = 17 + -9. Suppose -f*d - 10 = -3*d. What is the tens digit of b(d)?
4
Let y = -79 + 137. Suppose y = w + h, -100 = w - 3*w + 2*h. What is the tens digit of w?
5
Suppose u - 1347 = 21. What is the hundreds digit of u?
3
Let j(g) be the first derivative of 9*g**3 + g + 1/2*g**2 + 2. What is the units digit of j(-1)?
7
Let w(j) = j**2 + 8*j + 8. Let r be w(-7). What is the hundreds digit of (339/r)/((-9)/(-6))?
2
Suppose 0*q = -2*q + 3*b + 9, q - b - 4 = 0. Suppose 0 = 5*w + 20, -7*z = -q*z + 4*w - 204. What is the tens digit of z?
5
Let o(i) be the second derivative of 1/2*i**4 + i**2 + 5*i + 0 + 1/3*i**3. What is the units digit of o(-2)?
2
Suppose -3*z + 0*r = -4*r + 2, -r = 4*z + 28. What is the units digit of z*4/6 - -77?
3
Let n(i) = 6*i**2 + 12*i + 7. Let h(c) = 5*c**2 + 12*c + 8. Let z(d) = 7*h(d) - 6*n(d). What is the units digit of z(13)?
1
Let r = 19 - 15. Suppose -5*u = -r*v + 20 + 84, 2*v - u = 52. Suppose -2*z - 2*x + v = -6*x, 4*z + 4*x = 52. What is the tens digit of z?
1
Suppose 4*c - 2567 = -p + 4035, -p - 6598 = -4*c. What is the units digit of c?
0
Let m be (-15)/1*2/(-6). Suppose 4*p + 3*t - 556 = 0, -3*p = 2*p - m*t - 730. What is the tens digit of p?
4
Suppose 0 = -15*k + 12*k + 18. Let g(u) = 2*u**3 - 10*u**2 + 9*u - 8. What is the units digit of g(k)?
8
Let m be (-14 + 13)/(2/(-8)). Suppose 0 = -2*k + 3*o + 128, -m*o + 158 = 2*k + k. What is the tens digit of (k/(-5))/(4/(-20))?
5
Suppose -5*n = -4*z + 1957, -22*n + 20*n = 4*z - 1922. What is the tens digit of z?
8
Let a(f) be the first derivative of -f**3/3 + 16*f**2 - 36*f + 4. What is the hundreds digit of a(23)?
1
Let p = 613 + 272. What is the units digit of p?
5
Suppose -f - 3 = 2*s - 0*f, 0 = -s + f - 6. Let x(l) = 6*l**2 - 4*l - 7. What is the units digit of x(s)?
9
Suppose -8*o = -1 + 1. Suppose 962 = -o*g + 13*g. What is the units digit of g?
4
Suppose -4 = -3*z + 32. Let f be z - 4 - 1*3. Suppose -10*i + f*i = -95. What is the units digit of i?
9
Suppose -n - 4*q = 16, -n + 1 = -2*n - q. Suppose 7*o = n*o + 45. What is the units digit of o?
5
Let j = -4627 + 8883. What is the hundreds digit of j?
2
Let n be -5 + 1 - -4 - 1. What is the hundreds digit of (-225)/5*-3 + n?
1
Suppose 5*b + h - 18 = 0, -2*b - 2*h = -h - 9. Suppose -b*p + 2*k + 3*k = -191, k + 4 = 0. What is the units digit of p?
7
Let m = 1 + -1. Let t = 440 - 404. Suppose m = 3*l - 27 - t. What is the tens digit of l?
2
Let v be (-5 + 4)*2*-1. Suppose v*q - 32 - 20 = 2*s, 26 = q + s. What is the tens digit of q?
2
Let r(v) = 2*v**3 - 7*v**2 - 6*v + 6. Let z(i) = i**3 - 20*i**2 - 20*i - 15. Let f be z(21). What is the tens digit of r(f)?
5
Let t = 3555 - 2331. What is the thousands digit of t?
1
Suppose -3*o = 3*x - 1128, 3*x = 4*o + 1443 - 280. What is the tens digit of x?
8
Let y = -16 + 78. What is the units digit of y?
2
Let c(v) = 0*v - 13 - 164*v**2 + 166*v**2 - 7*v. Let j be c(9). Suppose 4*h - 122 - j = 0. What is the tens digit of h?
5
Let b be 4/(-8) - (-10)/4. Let w be (-1)/((-2)/16*b). Suppose w*u = 5*u - 7. What is the units digit of u?
7
Let c(g) = g**2 + 2*g + 302. Suppose 4*s = 4, 4*u + 7*s - 4 = 3*s. What is the hundreds digit of c(u)?
3
What is the tens digit of (5 + (-1 - 5))*1595/(-5)?
1
Let i be (0 - -4) + (-1 - 1). What is the tens digit of 0 + 101/1 + i/(-1)?
9
Suppose 4*f - 1864 = -2*y, 4*y + 32 = -f + 512. What is the units digit of f?
4
Let h = 423 - 164. What is the hundreds digit of h?
2
Suppose 7*c - 21 = 7. Suppose -101 = -c*u - 2*s + 7, 4*s - 129 = -5*u. What is the units digit of u?
9
Let r(z) = 2*z**3 - 3*z**2 + 2*z + 3260. What is the tens digit of r(0)?
6
Let w = -15 - -15. Let q be (-11 - 2)*3/(-1). Suppose 5*z - q - 71 = w. What is the tens digit of z?
2
Let w(i) = -5*i + 4 + 77*i**2 + i - 2*i + i. What is the units digit of w(1)?
6
What is the units digit of -65*(-208)/39 - 2/3?
6
Let i(n) = -33*n + 37. Let c = 87 - 93. What is the hundreds digit of i(c)?
2
Suppose -2*f + 5*f = 18. Let i = f + -2. Suppose i*r - k + 3*k = 190, 5*k - 99 = -2*r. What is the units digit of r?
7
Suppose 5*x - 9*o = -7*o + 3282, 3*x = 5*o + 1973. What is the tens digit of x?
5
What is the thousands digit of ((-43)/(-4))/(6/744)?
1
Suppose 5*j - 3*y = 107, y - 24 + 85 = 3*j. Suppose 2*u + 8 = 0, -122 = -n - 5*u + j. What is the hundreds digit of n?
1
Suppose j - 294 = -277. Let y(a) = -2*a + 2. Let r be y(-3). Let p = r + j. What is the tens digit of p?
2
Let p(u) = 16 + 6 + u**2 + 6*u - 9 - 3. Suppose f = -f - 14. What is the units digit of p(f)?
7
Let n(u) = -2 - 170*u**2 + 4*u - 2*u + 171*u**2 + 2*u. What is the units digit of n(-8)?
0
Suppose 2*f + 63 + 105 = 0. Suppose -2*v = -6*o + 5*o - 308, -612 = -4*v + 4*o. Let x = f + v. What is the tens digit of x?
7
Suppose -2*j + 5991 = g, 3*j - 4*g - 8992 = -0*g. What is the tens digit of j?
9
Suppose 0 = 30*b - 27*b - 1080. What is the hundreds digit of b?
3
Let u(q) = -q**3 - 2*q**2 - 4*q - 3. Let g be u(-2). Suppose l - g = -3. What is the units digit of (-2 + l + -2)*-5?
0
Suppose -9 = -2*v + 3*q - 2*q, -2*v + 6 = -4*q. Suppose -2*d = -v*c + 336, 4*c + 182 - 460 = -3*d. What is the tens digit of c?
6
Let v(l) = 7*l + 51. What is the units digit of v(-6)?
9
Suppose 7*d - 9317 = 2*d + 2*p, 3*p = -3. What is the units digit of d?
3
Let n(w) be the first derivative of 11*w**2/2 - w + 2. Let d be n(2). What is the units digit of 4/(-14) + 174/d?
8
Suppose 7*j - 36 = 6. What is the units digit of j?
6
Let j = -18 + 20. Suppose -2*w = 5*c + 9, -j*w = 3*c + 3 - 0. Let y(g) = 3*g - 3. What is the units digit of y(w)?
6
Let u = 2240 - 1234. What is the units digit of u?
6
Let l be 7/(((-14)/16)/7). Suppose -7*m + 558 + 268 = 0. Let d = l + m. What is the units digit of d?
2
Suppose 10*k - 11*k + 19 = 0. Suppose 4*z + 27 = 5*x, 0*x - x = -2*z - 3. Suppose -2*u = 3*b - k, -2*u - 4*b + 15 = -x. What is the units digit of u?
5
Let n(z) = z**2 + 9*z + 9. Suppose 17 + 3 = -5*v, -5*x + 2*v = 17. Let j(t) = t**2 + 7*t + 1. Let o be j(x). What is the units digit of n(o)?
9
Let g(r) = 19*r**2 - 2*r + 1. Let f be g(1). Let k = -65 - -55. Let j = f + k. What is the units digit of j?
8
Let j = 21 + -8. Let n = j + -9. What is the units digit of n?
4
Let s(x) be the third derivative of 5/24*x**4 + 0*x**3 + 0 + 0*x + 6*x**2. What is the tens digit of s(4)?
2
Let j be 6 - 8 - (-5)/(-1). Let y(a) = -a**2 - 7*a + 3. Let l be y(j). Let g = l + 9. What is the tens digit of g?
1
Suppose -5*i = -4*o + 48, -2*i + 4 = 2*o - 20. Suppose 0 = -15*h + o*h + 12. Suppose 3*g - 2*g = -5*d + 25, -h*d - 16 = 0. What is the units digit of g?
5
Let g be -8*(-10 + 1 - -3). Let z(r) = 5*r - 11 + 9*r + g*r**2 - 37*r**2 - r**3. What is the tens digit of z(12)?
1
Suppose p = -0*p - 1. Suppose -5*j + 0 + 31 = 3*c, 2*c = -5*j + 29. Let z = j - p. What is the units digit of z?
6
Let w(u) = 10*u**2 - 9*u - 1. Let m(s) = -s**2 - s - 1. Let j(q) = -4*m(q) + w(q). Let p be j(3). What is the units digit of p/7 - 4/14?
6
Let r be (-57 + 1)*12/8. Let p be (r/(-48))/((-2)/(-32)). Suppose 32 = 4*v - p. What is the tens digit of v?
1
Suppose 0 = -3*y - 5*x + 227, 5*y + 3*x - 440 = 7*x. Let b = y - -116. What is the tens digit of b?
0
Let x(j) be the first derivative of -3/4*j**4 - 2*j**3 - 2*j**2 - 8 + 2*j. What is the tens digit of x(-3)?
4
Let j(d) = 8*d**2 - 2*d - 2. Let b be j(-1). Suppose -4*y + 268 = 4*c, -b = 3*y - y. Let i = c + -42. What is the tens digit of i?
2
What is the thousands digit of (-12)/(((-2)/(-1448))/(20/(-120)))?
1
Let i = -4 + 4. Suppose i*c + 3*c - 240 = 0. Suppose 2*y - 4*z - 22 = 0, 4*y + 3*z - 2*z = c. What is the units 